9, 1995449
List the prime factors of 171069.
3, 127, 449
What are the prime factors of 14738553?
3, 1637617
What are the prime factors of 1896051?
3, 23, 27479
List the prime factors of 147267.
3, 16363
What are the prime factors of 2842605?
3, 5, 181, 349
List the prime factors of 1296132.
2, 3, 108011
What are the prime factors of 344548?
2, 86137
List the prime factors of 428447.
199, 2153
List the prime factors of 401052.
2, 3, 19, 1759
What are the prime factors of 1355582?
2, 677791
What are the prime factors of 1747006?
2, 79, 11057
List the prime factors of 1584772.
2, 7, 56599
List the prime factors of 12694559.
47, 270097
List the prime factors of 166924.
2, 29, 1439
What are the prime factors of 798317?
13, 61409
List the prime factors of 5429333.
7, 13, 59663
What are the prime factors of 4858424?
2, 607303
What are the prime factors of 17411121?
3, 7, 13, 3037
List the prime factors of 9214968.
2, 3, 7, 54851
What are the prime factors of 2499623?
7, 31, 11519
What are the prime factors of 62251?
7, 8893
List the prime factors of 2131520.
2, 5, 6661
List the prime factors of 13629447.
3, 13, 116491
What are the prime factors of 780624?
2, 3, 13, 139
What are the prime factors of 29715?
3, 5, 7, 283
What are the prime factors of 4227598?
2, 53, 39883
List the prime factors of 9233135.
5, 163, 11329
What are the prime factors of 16840?
2, 5, 421
What are the prime factors of 1413628?
2, 157, 2251
List the prime factors of 375195.
3, 5, 25013
List the prime factors of 25310946.
2, 3, 223, 18917
List the prime factors of 19577142.
2, 3, 13, 83663
List the prime factors of 9958962.
2, 3, 13, 127679
What are the prime factors of 19526462?
2, 9763231
List the prime factors of 214109.
7, 73, 419
List the prime factors of 4120321.
19, 216859
List the prime factors of 33417.
3, 47, 79
What are the prime factors of 9476192?
2, 11, 26921
List the prime factors of 267597.
3, 11, 17, 53
List the prime factors of 1636821.
3, 60623
List the prime factors of 1525790.
2, 5, 7, 71, 307
What are the prime factors of 2489896?
2, 311237
What are the prime factors of 412276?
2, 103069
What are the prime factors of 279003?
3, 93001
List the prime factors of 419074.
2, 317, 661
What are the prime factors of 113086?
2, 56543
List the prime factors of 139047.
3, 46349
List the prime factors of 11690113.
37, 315949
What are the prime factors of 1722191?
1722191
List the prime factors of 194192.
2, 53, 229
What are the prime factors of 11707252?
2, 59, 113, 439
List the prime factors of 1217973.
3, 405991
List the prime factors of 564517.
47, 12011
List the prime factors of 203799.
3, 67933
List the prime factors of 2288027.
7, 311, 1051
What are the prime factors of 4352159?
7, 19, 43, 761
List the prime factors of 239744.
2, 1873
List the prime factors of 161507.
161507
List the prime factors of 772737.
3, 7, 31, 1187
List the prime factors of 86564.
2, 17, 19, 67
What are the prime factors of 541388?
2, 135347
List the prime factors of 5927198.
2, 2963599
What are the prime factors of 2541075?
3, 5, 17, 1993
What are the prime factors of 13069?
7, 1867
What are the prime factors of 225906?
2, 3, 23, 1637
List the prime factors of 3106419.
3, 1035473
List the prime factors of 223142.
2, 17, 6563
What are the prime factors of 7843480?
2, 5, 196087
List the prime factors of 41960954.
2, 7, 428173
What are the prime factors of 1585371?
3, 31, 17047
What are the prime factors of 4713708?
2, 3, 392809
What are the prime factors of 32963?
7, 17, 277
What are the prime factors of 19099252?
2, 37, 129049
List the prime factors of 16434687.
3, 277, 19777
List the prime factors of 470465.
5, 23, 4091
List the prime factors of 1841078.
2, 920539
What are the prime factors of 331112?
2, 41389
What are the prime factors of 19675204?
2, 31, 101, 1571
What are the prime factors of 1160099?
179, 6481
What are the prime factors of 5167282?
2, 757, 3413
What are the prime factors of 112844?
2, 28211
What are the prime factors of 1470972?
2, 3, 37, 3313
List the prime factors of 181946.
2, 29, 3137
List the prime factors of 777468.
2, 3, 67, 967
What are the prime factors of 208268?
2, 52067
List the prime factors of 7215410.
2, 5, 239, 3019
List the prime factors of 18088094.
2, 9044047
What are the prime factors of 926528?
2, 31, 467
What are the prime factors of 418974?
2, 3, 69829
List the prime factors of 8699275.
5, 13, 29, 71
What are the prime factors of 194276?
2, 17, 2857
What are the prime factors of 9850318?
2, 4925159
List the prime factors of 1383579.
3, 17, 9043
What are the prime factors of 117000?
2, 3, 5, 13
What are the prime factors of 419388?
2, 3, 34949
List the prime factors of 42532.
2, 7, 31
What are the prime factors of 9603046?
2, 1487, 3229
What are the prime factors of 293368?
2, 36671
What are the prime factors of 17524?
2, 13, 337
List the prime factors of 614821.
19, 32359
List the prime factors of 18167308.
2, 4541827
What are the prime factors of 661808?
2, 7, 19, 311
What are the prime factors of 11166696?
2, 3, 31, 5003
List the prime factors of 768796.
2, 7, 27457
List the prime factors of 260996.
2, 71, 919
What are the prime factors of 4746096?
2, 3, 23, 1433
List the prime factors of 945869.
631, 1499
What are the prime factors of 147587?
11, 13417
List the prime factors of 721483.
7, 103069
List the prime factors of 16169587.
7, 157, 14713
List the prime factors of 196933.
11, 17903
What are the prime factors of 8179?
8179
What are the prime factors of 1635742?
2, 817871
List the prime factors of 1395414.
2, 3, 25841
What are the prime factors of 2864045?
5, 191, 2999
List the prime factors of 1065113.
7, 21737
List the prime factors of 309677.
309677
List the prime factors of 885820.
2, 5, 13, 3407
List the prime factors of 47371.
127, 373
List the prime factors of 74963.
7, 10709
What are the prime factors of 433493?
41, 97, 109
What are the prime factors of 23220?
2, 3, 5, 43
List the prime factors of 10316145.
3, 5, 7, 19, 5171
What are the prime factors of 11289411?
3, 7, 17, 83, 127
What are the prime factors of 218072?
2, 27259
List the prime factors of 2433012.
2, 3, 202751
What are the prime factors of 15168436?
2, 3792109
What are the prime factors of 99115?
5, 43, 461
List the prime factors of 2194637.
23, 95419
List the prime factors of 1132619.
109, 10391
List the prime factors of 558492.
2, 3, 11, 4231
List the prime factors of 2589357.
3, 863119
List the prime factors of 24353.
7, 71
What are the prime factors of 7249766?
2, 137, 26459
List the prime factors of 13530219.
3, 47, 95959
List the prime factors of 67488.
2, 3, 19, 37
List the prime factors of 18958134.
2, 3, 13, 37, 6569
What are the prime factors of 5386096?
2, 336631
What are the prime factors of 1477536?
2, 3, 15391
List the prime factors of 148285.
5, 47, 631
What are the prime factors of 14319572?
2, 3579893
What are the prime factors of 3505874?
2, 1752937
List the prime factors of 278347.
278347
What are the prime factors of 685954?
2, 197, 1741
What are the prime factors of 985610?
2, 5, 98561
List the prime factors of 331292.
2, 13, 23, 277
List the prime factors of 628365.
3, 5, 163, 257
What are the prime factors of 4739140?
2, 5, 7, 33851
What are the prime factors of 139048?
2, 7, 13, 191
What are the prime factors of 175207?
241, 727
What are the prime factors of 3185628?
2, 3, 71, 3739
List the prime factors of 22484694.
2, 3, 103, 36383
List the prime factors of 3366275.
5, 11, 12241
What are the prime factors of 170749?
170749
What are the prime factors of 1549834?
2, 11, 13, 5419
What are the prime factors of 473202?
2, 3, 23, 127
What are the prime factors of 448856?
2, 19, 2953
What are the prime factors of 272814?
2, 3, 41, 1109
What are the prime factors of 1831913?
1831913
What are the prime factors of 1039915?
5, 241, 863
List the prime factors of 16761801.
3, 7, 557, 1433
What are the prime factors of 6229363?
7, 889909
What are the prime factors of 36861773?
13, 218117
List the prime factors of 2249958.
2, 3, 374993
What are the prime factors of 11905811?
1877, 6343
List the prime factors of 1173745.
5, 234749
What are the prime factors of 3222173?
79, 40787
List the prime factors of 2422405.
5, 19, 43, 593
What are the prime fa